rime factors of m(35)?
7
What are the prime factors of 1*(-531732)/(-126) - (-8)/(-84)?
2, 5, 211
Let w(r) = r**2 - r + 8. Let y(x) = 2*x**2 - 2*x + 15. Let c(g) = -11*w(g) + 6*y(g). List the prime factors of c(4).
2, 7
Suppose -3*k + j + 1866 = 0, -3*k - 2*j = -1416 - 441. What are the prime factors of k?
3, 23
Let c = -92 + 1905. List the prime factors of c.
7, 37
Suppose -4*a - 4*q = -328, -3*a = a - 4*q - 304. Let i = a + 25. List the prime factors of i.
2, 13
Let m(j) = -3 - 6*j + 15 + 4*j - 4*j. Let w be m(-8). Suppose -2*k = -p + w, 3*p = -2*p + k + 273. What are the prime factors of p?
2, 3
Suppose 0 = -3*l + 16 - 4. Suppose l*v - 7*v = -84. What are the prime factors of v?
2, 7
Let u be (8/(-2))/(16/(-152)). Let n = 75 - u. What are the prime factors of n?
37
Suppose 2*r + n - 4*n = 282, 705 = 5*r - 4*n. Suppose -l + 27 = 4*s - 31, 0 = 3*l + s - r. List the prime factors of l.
2, 23
Let l be (-3)/12 - 17/(-4). Suppose 0 = -3*p - 3, -2*p = -l*a + 3*p + 17. Suppose 0 = 4*s - a*k - 60, -4*k + 15 = s - 8*k. What are the prime factors of s?
3, 5
Suppose -2*c = -5*u - 6*c, 28 = 2*u - 4*c. Suppose -178 = -3*j - u*d, -j + d + 54 = -3*d. List the prime factors of j.
2, 29
Suppose -3*r + 10 = -14. Let f(j) = 12*j - 11. Let s be f(r). Suppose 3*x - s + 7 = 0. List the prime factors of x.
2, 13
Let v be 51/7 - 4/14. Suppose -d - 4*d = -s - 17, 2*d = 5*s - v. Suppose -d*o + 29 = 9. List the prime factors of o.
5
Suppose 11*i = 4*h + 14*i - 7025, 4*h + 2*i - 7022 = 0. What are the prime factors of h?
2, 877
Let y = 4041 + -2256. List the prime factors of (y/(-20))/(-7) + (-2)/(-8).
13
Suppose g = 3*g + 168. Let h = 143 + g. List the prime factors of h.
59
Suppose -5*s + 1 = -3*k, -4*k + 7 + 7 = s. Suppose -s = z + 1. List the prime factors of z*(3/(-1) + 2).
3
What are the prime factors of (9/3)/(11/(317680/24))?
2, 5, 19
Suppose -15 = 2*d + 3*s, -2*s = -4*d - 4 + 14. Suppose -5*m - 49 = -2*a, -3*a - 2*m + 83 = -d*m. List the prime factors of a.
3
Suppose -j = -4*j + 42. Suppose -23*v + 18*v = 10. Let r = j + v. List the prime factors of r.
2, 3
Let u = 12 - 11. Let d be -3 + (2 + u)*11. List the prime factors of -1*(-16)/(-4) + d.
2, 13
Suppose -39*g + 43*g = 716. List the prime factors of g.
179
What are the prime factors of 1/(-8) - (-179831)/248?
5, 29
Let x(k) = -5*k + 2. Let h(j) = -1. Let c(m) = 3*h(m) + x(m). Let t be c(-2). Suppose -t + 31 = b. What are the prime factors of b?
2, 11
Suppose -3209 = -3*v + 4*s, -2*v - s = 3*v - 5356. List the prime factors of v.
3, 7, 17
Let u(r) = -2*r + 2. Let f(c) = -c**2 + 9*c. Let v be f(9). Let o be u(v). Suppose 2*y - o*p - 138 = 0, 2*p + 20 = -3*y + 212. List the prime factors of y.
2, 3, 11
List the prime factors of (228/7)/(9/63).
2, 3, 19
Let u(r) = r**3 + 11*r**2 - 12*r + 10. Let a be u(-12). Suppose 5 = -h + a. List the prime factors of h.
5
Suppose 3*i - v + 72 = -4*v, 0 = -2*i + 5*v - 27. Let g(h) = h**2 + 18*h - 20. List the prime factors of g(i).
43
Suppose -107*u = -108*u + 1319. List the prime factors of u.
1319
Suppose -6*q - 4*q + 30 = 0. Suppose -3*w - i + 676 = 4*i, -5*i - 686 = -q*w. List the prime factors of w.
227
Let v(h) be the first derivative of -h**4/4 - 2*h**3 + 4*h**2 + 6*h - 1. Let b be v(-7). Let n = b - -14. List the prime factors of n.
13
Suppose -4*n - 44 = -4*i, -3*n - 12 = n + 4*i. Let q(w) = -w**3 - 7*w**2 + w + 9. Let g be q(n). Suppose -8 = -g*k + 70. What are the prime factors of k?
3, 13
Suppose -5*z - 3738 = -4*t, -5*t + 5*z = 2*z - 4666. What are the prime factors of t?
2, 233
List the prime factors of -5 + (-27)/(324/(-61800)).
3, 5, 7
Let b(p) = 27*p**2 - p - 2. Let t be b(-3). Let f = t + -78. What are the prime factors of f?
2, 83
Let k(s) = -16*s + 8. Let x(y) be the third derivative of -y**5/60 - 17*y**4/24 + 3*y**3/2 - 9*y**2. Let c(a) = 4*k(a) - 3*x(a). List the prime factors of c(6).
5, 7
Suppose -m + 7*m = 42. Let l = 9 - m. List the prime factors of (-25)/l*(-8)/10.
2, 5
Suppose -2*o = -q - 535 - 168, 4*o - 3*q - 1409 = 0. List the prime factors of o.
2, 5, 7
Suppose 28 = -0*n - 2*n. Let c(i) = -18*i**3 + 3*i**2 - 3*i. Let p be c(1). Let m = n - p. What are the prime factors of m?
2
Suppose -2022 = 5*n - 3*c, -5*n = -2*n - 3*c + 1218. List the prime factors of (15/6 - 2)/((-3)/n).
67
Suppose 7*w - 57 = 195. What are the prime factors of w?
2, 3
Let t = 2956 + 1353. List the prime factors of t.
31, 139
Suppose -10370 = -5*m + 4*x, -3212 = -3*m + 4*x + 3002. What are the prime factors of m?
2, 1039
Suppose 4*w - 3349 = 3*a, -2*w + 3*a + 1674 = a. What are the prime factors of w?
2, 419
Let c = -25 - -25. Suppose -6*g + 866 + 100 = c. What are the prime factors of g?
7, 23
List the prime factors of (-16)/(-96) + (-7719)/(-18).
3, 11, 13
Let i(j) = -j**3 + j**2 - j + 36. Suppose 0*v = 2*v. What are the prime factors of i(v)?
2, 3
Suppose 4*p - 5*p = -14. Suppose -112 = -16*x + p*x. List the prime factors of x.
2, 7
Suppose 4*q - 6*q = 80. List the prime factors of 0/(-1) - q/4.
2, 5
Suppose -5*g - 25 = 0, -r - 4*g = -0*g - 1230. What are the prime factors of r?
2, 5
Let f be -12*(-1)/(6/(-3736)). Let o be f/(-4) - (-5 + 1). What are the prime factors of 4/10 + o/45?
2, 3, 7
Suppose i + 9 = -3*h, -4*h - 6 = -7*h. Let d = 65 + i. What are the prime factors of d?
2, 5
Suppose 2*q + 460 = -2*q. Let t = q + 55. Let r = t - -114. List the prime factors of r.
2, 3
Let q(k) = -15 + 0*k**3 + 6*k**2 - k**3 + 24 - 2*k. List the prime factors of q(5).
2, 3
List the prime factors of 3 + 245/(-10)*-2*7.
2, 173
Suppose -20613 = -17*j + 11313. List the prime factors of j.
2, 3, 313
Let k(w) = w + 3. Let o be k(8). Let h = o + -6. What are the prime factors of h/((-3)/6*-2)?
5
Suppose w + 3*w = 16. Suppose -5*v = -w*v + 10. Let f = v + 37. What are the prime factors of f?
3
Let a = 1810 + 398. What are the prime factors of a?
2, 3, 23
Let a(s) = 5*s + 2 - 1 + 39*s. Let n = 601 - 600. List the prime factors of a(n).
3, 5
Let k(f) be the third derivative of 2*f**7/315 - f**4/12 - 2*f**2. Let x(t) be the second derivative of k(t). What are the prime factors of x(-1)?
2
Let j = 1513 - 964. What are the prime factors of j?
3, 61
Let n = -443 + 665. What are the prime factors of n?
2, 3, 37
Suppose -5*w + 3*u = -3372 - 1354, -3*w + 2835 = -2*u. List the prime factors of w.
947
Let o(y) = 11*y - 7. Let c be o(-6). Let a(k) = k**3 - 19*k**2 + 15*k + 7. Let q be a(18). Let r = q - c. List the prime factors of r.
2, 13
Let a be -1*(-4 - 0) + -4. Suppose -12*j + 15*j - 234 = a. List the prime factors of j.
2, 3, 13
Let s be (-3)/(-7) - (40/28 - -2). What are the prime factors of (s - (4 + -3)) + (74 - -1)?
71
Let l(m) = 6*m**2 - 6*m + 48. List the prime factors of l(-7).
2, 3
Let l = 290 - -45. List the prime factors of l.
5, 67
Suppose -3*j - 27 - 9 = 0. Let z be (-75)/j + (-3)/(-4). Suppose 5*n - z = 8. List the prime factors of n.
3
Let i be (2 + -3)*(0 - -4 - 5). What are the prime factors of (74 + -2)*i/2?
2, 3
Let w(j) = 7*j - 19. Let i be w(8). Suppose 581 + i = 6*f. List the prime factors of f.
103
Suppose 0*g - g - 5*m + 556 = 0, 2*m - 1642 = -3*g. List the prime factors of g.
2, 3, 7, 13
Suppose 2*p = -4*c + 28, 2*p - 4 = -c - 0. Let z(g) = 8*g + c*g - 13*g. What are the prime factors of z(4)?
2, 3
Let q = 12328 + -6866. What are the prime factors of q?
2, 2731
Let u be (-6)/(-3 + (-33)/(-9)). Let p = 29 - u. What are the prime factors of p?
2, 19
What are the prime factors of (-206652)/(-72) - 6/36?
2, 5, 7, 41
What are the prime factors of (-2)/16 - (31250/(-16) - 17)?
2, 5, 197
Let c be 18/(-4) + (-2)/(-4). Let p(n) = -n + n - 5*n + n + 5. List the prime factors of p(c).
3, 7
Let m = -1351 + 6970. List the prime factors of m.
3, 1873
Let c be (21/14)/((-6)/(-16)). Suppose -4*l - 30 = -5*t + l, -c*t + l = -21. List the prime factors of t.
5
Let c(z) = -z**3 + 5*z**2 + 10*z - 17. Suppose f + 5*d - 5 = 0, -3*f + d + 15 = 3*d. What are the prime factors of c(f)?
3, 11
Let j(a) = -51 + 78 - 3*a**2 + 15*a + 2*a**2. What are the prime factors of j(16)?
11
Let f(n) = -n**3 - 8*n**2 - 9*n + 1. Let t be f(-7). Let a be t/20 - 19/4. Let q = -1 - a. What are the prime factors of q?
3
Suppose 81*m - 512 = 65*m. What are the prime factors of m?
2
Suppose 3*n - 3*y - 793 = -y, -